-14) - -1 - 103)?
-114
Calculate 30 + 62 + 16 + -69.
39
What is 121 + (-27 - -38) + -93?
39
Calculate -9 - (8 - -2 - 13) - 2.
-8
What is -48 - -1 - ((13 + -13 - 6) + -4)?
-37
Calculate -1 - 13 - (7205 + -7290).
71
What is the value of -189 + 163 - ((-6 - -18) + (-6 - -4 - 3))?
-33
Evaluate 55 + 29 + -172 + (16 - (-1 + 13)).
-84
Calculate -18 + (7 + (-9 - 15) - -35) - -107.
107
Calculate (347 - 383) + (84 - (4 + -9)).
53
Calculate (-674 - -703) + (-3 - 29).
-3
Evaluate 0 - 0 - 3 - (65 + -47).
-21
What is -49 + (24 - (21 - (-8 - -4)))?
-50
What is -60 + 10 + (-58 + 26 - -21)?
-61
(-64 - -126) + 41 - (-8 - (-1 - 0))
110
41 + -18 - 36 - (-1 + (-93 - -3)) - 3
75
Calculate (101 - 102 - -68) + -151.
-84
Evaluate -207 + 179 - (-30 + -104).
106
Calculate (5 - (21 - -4)) + -331 + 420.
69
What is 37 - 1 - (-14 + (35 - (50 - 17)))?
48
What is -18 - ((-11 - (9 + -17)) + 6 + -5)?
-16
What is (13 - -17 - 10 - 29) + 84?
75
What is (156 - (82 - -13)) + -113?
-52
Evaluate -4 - 1 - (10 + -17 + 22).
-20
-29 + 51 + -38 + (-2 + 2 - 56)
-72
What is the value of 221 + -224 + (-35 + -21 - (0 - -1))?
-60
-15 + 21 + (-23 - (-28 - -5))
6
What is 40 + -285 + -58 + 211?
-92
Evaluate 0 + 47 + 1 + (2231 - 2236).
43
Calculate (-26 - (-14 - 23)) + (24 - -2).
37
(11 - (45 + -39)) + (4 + 2 - 14)
-3
What is -3661 + 3731 + 0 + (-21 - -2)?
51
What is the value of 38 + -47 + -4 + 14?
1
Evaluate (-462 - -469) + (12 - 9 - (-2 - 0)) - 85.
-73
Evaluate 6 + -24 - (-58 + 46) - (2 + -51).
43
Evaluate (-131 - -132 - -21) + 1 + (1 + -1 - -12).
35
(-3 - (-4 - 1)) + -3 - (61 + -12)
-50
Calculate 2310 + -2390 + (-1 - -1) + (-6 - -5) + 8.
-73
What is -30 - (4 + -8 + 37 + 10)?
-73
9 + 0 + (3 - (-102 + 126))
-12
-21 + -59 + 51 + 6 + -1 + -1 + 5
-20
What is the value of 12 - 9 - 8 - (20 + -7 - 66)?
48
-45 - (-60 + 9 - 26)
32
What is the value of -1 - ((-1 - 8) + 28 + 28 + -66)?
18
Calculate -17 - (-3 - (-4 + 17 + -4 + -22)).
-27
Calculate 32 - (131 + -139 - (-7 - 70)).
-37
What is the value of (-12 - -13 - -17 - 18) + (7 - (-2 - 1))?
10
63 + -13 - 16 - (-9 + 3)
40
Evaluate (-11 - -37 - -27) + (2 - (3 + 0) - -9).
61
(-2 - -13) + 31 + -26 + (-13 - -30)
33
-47 + -8 + 31 + 50 + 10
36
(0 - -22 - (-501 - -477)) + -14 + 1 + -1
32
What is the value of 104 + -47 + (-20 - 51)?
-14
Calculate 42 + (4 - 16) + -14 + -26 - 2.
-12
What is the value of -14 + 118 + -98 + -31 + (1 - -102)?
78
What is 121 + -134 - (-31 - -33 - (100 - 2 - -1))?
84
Evaluate 40 - (84 + -95 - (-4 + 6 + -8)).
45
What is the value of -90 - (-95 + (60 - -6))?
-61
What is (-19 - (-37 + 19) - -27) + -5?
21
What is -44 + (3 - (-5 - 0) - (366 - 361))?
-41
Evaluate 23 + -7 + -4 + -3 + -7 + -5 + -1.
-4
What is (3 - 0) + (-8 - -15) + (6 - 22)?
-6
Calculate -30 + 40 - (4 - 0 - (-91 - -30) - 2).
-53
What is the value of -14 - ((-35 - -30) + 73 - (13 - 0 - 5))?
-74
What is -109 - (-47 + 29) - -28 - -31?
-32
83 + (-5 + 6 - -3) + -9 + (12 - 10)
80
What is 6 + (3 - (1 + 6)) + 6 - (-7 + 52)?
-37
What is 111 + -103 - (86 + -14 + -1)?
-63
Calculate (8 - -3) + ((-19 - -19) + 16 - -16).
43
What is the value of 387 + -380 + -23 - (65 + (1 - 1))?
-81
Evaluate (-3 - -22) + (88 + -103 - (-1 + -5)) + 6.
16
What is (9 - (-11 + 1 + 9) - (87 - 2)) + -3?
-78
What is (-78 - -19 - -60 - (0 + -62)) + (-6 - -1)?
58
What is (13 - 9) + -1 + (-142 - -113)?
-26
Evaluate -10 + 15 - (0 - 3 - (-1 + -44 - -49)).
12
What is the value of (0 - 26) + 119 + -297 + 137?
-67
What is the value of 1 + -22 + -2414 + 2438?
3
-69 - (-14 + (-17 - (-20 - 9)))
-67
What is the value of 59 - ((-144 - -174) + (5 - 1 - 17))?
42
198 + -72 + -114 + -47
-35
(0 + -1 - -73) + (-17 - (-5 - 73 - -64))
69
Calculate (3 - 3 - 2 - -4) + (-46 - -12 - -31).
-1
43 + -141 + 135 + 32
69
(-1 - 0 - -5 - 8) + (-5 - 44)
-53
What is the value of 66 + -15 + (-406 - -236)?
-119
Calculate 23 - (-96 + 46) - 30.
43
What is 90 + (-11 - 47) + (57 - 0)?
89
What is 1 + -132 - (-5 + -7 + (-30 - -27))?
-116
-26 - (-47 + 35) - -41
27
What is the value of 62 + (-146 - -39) - -38?
-7
Evaluate 49 - (-30 + (26 - (10 - -7))).
70
Calculate (0 + 1 - -5) + -2 - -2 - (-1 + 0).
7
What is (-11 - -14 - -11 - 1) + -27?
-14
Evaluate -17 + -62 + 24 + 43.
-12
What is 70 - (-50 + (101 - 5))?
24
Evaluate 131 + -120 - (6 + 57).
-52
Calculate -18 + -11 + 40 - (-1 + 13).
-1
Calculate -29 + -13 + 42 + -6.
-6
Calculate 300 - 308 - ((21 - 2) + (-13 - -18)).
-32
Evaluate 0 + -12 - (-3 + -6 - -3) - (7 - -5).
-18
What is (3 - -4 - -16) + -60?
-37
Calculate -10 + (-64 - -27) + 22 - (-137 - -10).
102
What is 81 + 38 - (30 + 3 - 18)?
104
What is -9 + -1 + (2 - -20 - (465 + -449))?
-4
Evaluate (23 - 9) + -5 + 18 + -6 + -49.
-28
Evaluate (-6 - -42) + (40 - -16) + -180.
-88
(-4 - -11 - (-9 - -13 - -11)) + 9 - 30
-29
What is 2 + (-1 - -58) + -20111 + 20093?
41
What is the value of 105 + -14 + 4 + -31 + 23?
87
What is the value of (6 - 3) + -35 + (-24 - -5 - (55 + -74))?
-32
Evaluate -1748 - -1813 - (83 - 3).
-15
Calculate 3 - (-11 - (-52 + 18) - (1 - -13)).
-6
Calculate (20 + -19 - 19 - -44) + -51.
-25
What is -743 + 557 + (3 - -25 - -4)?
-154
Evaluate -83 + 0 + (35 - 23 - (0 + (14 - -10))).
-95
13 + -27 + 16 + -37 + 16
-19
Calculate -75 + 99 + 7 + (4 - 3).
32
(1 + 4 - (305 - 278)) + (1 - 1)
-22
Calculate 1 - 22 - ((86 - 188) + 43).
38
Calculate -29 + -1 + 1121 + -1070 - 83.
-62
Calculate (0 + 0 + 0 - (-3 + 100)) + (107 - 111).
-101
9063 - 9064 - (0 + -34)
33
What is the value of -6 + -4 + -1 + (-70 - -85)?
4
What is the value of 3 + 93 - (-7795 + 7826)?
65
Calculate (-6 - (13 + -4) - (13 - 12)) + 0.
-16
Calculate 96 + -12 + -28 - 7.
49
Evaluate -2 + (0 - 1) - (-17 + 11 + -73 + 8).
68
Calculate -5 + 7 + 3 + -5 + 30 + -119 + 116.
27
7 - (11 + -7 - -40 - 9)
-28
What is the value of -12 + ((-3 - -23) + -29 - (12 - -1))?
-34
-55 + -28 + 131 + 6
54
What is the value of 55 + -20 + -9 + -2 + 16?
40
Calculate (9 - -6) + (-83 - (-30 + 15)) - -1.
-52
What is the value of 62 + (1 + -68 - -70)?
65
Calculate 9 + -19 + 3 + -1 + 10 + 1.
3
12 - (-1 + 2 + 98 + 3400 + -3404)
-83
What is 60 + -48 + -55 + 30?
-13
What is (-36 + 20 + 4 - 4) + 48?
32
14 + -7 - (2 + -8 - (6 - (-10 - -29)))
0
Calculate (129 - 25) + -35 + (0 - 22).
47
What is 104 - 138 - -20 - 68?
-82
Calculate 1 - (-12 + 17 + 21 + -37).
12
Calculate -79 + -74 + (9 - (-7 + -1 + 6 + -3)).
-139
29 + (34 + -6 - (34 - (-9 - -30)))
44
Calculate 23 + 45 + -55 + (6 - 0).
19
What is -16 + 1 + (-12 - (0 + -24 + 14)) + -49?
-66
What is the value of -149 + 38 + 23 + 67?
-21
What is the value of (1786 - 1821) + 0 + 32 - -69?
66
What is the value of -25 + (-28 - (14 - -6))?
-73
Calculate (63 - (13 + 45)) + (1 - 45).
-39
Evaluate (-183 - -2) + (-780 - -885).
-76
What is -13 + 4 + 13 + -5 + -1 + 6?
4
What is (21 - 12) + 51 + -57 - (44 - -3)?
-44
What is the value of -105 - (-168 + -155 + 124)?
94
6 - -104 - (-771 - -789 - (2 + 0 + 9))
103
What is the value of -36 - (27 - 52 - 50)?
39
-6 + -113 - (1 + -9 - (115 + -125))
-121
Evaluate -3 + (0 - -1) + -13 - (2293 + -2299).
-9
Calculate (141 - 139) + (5 - (-6 - 24 - -4)) + 2.
35
Calculate -31 + 22 + 2 + 2 + -19.
-24
Calculate -17 + (-126 - 13) + 195.
39
What is 81 + -22 + -28 + -13?
18
Evaluate 81 + (-134 - (36 + -108)).
19
(-5 - 2 - -3) + 68 - (-13 - (-18 + 1))
60
What is 2415 + -2337 - (-2 - -52)?
28
What is 22 + (29 - (14 + 0)) + 4?
41
Evaluate 21 + 1 + -18 + 10 - 13.
1
(-6 - ((-5 - -5) + 3)) + 7 + 111 + -6
103
What is 50 + (-12 - 34 - 18)?
-14
Calculate (-2201 - -2184) + (-3 - (-2 + 28)).
-46
Calculate -49 + (34 - 3) + 23.
5
Evaluate 119 + (-96 - 34) - (-2 + -59).
50
-38 - (22 + -5 + (-62 - -55))
-48
116 - ((16 - 41) + 74 - 20)
87
(-3 - 1) + 75 + 28 + -85
14
-12 + (13 - -8) + 45 + -5
49
What is the value of -70 + (-35 - -163 - 66)?
-8
What is (2 + 26 - (94 + -130)) + -7?
57
What is (-268 - -58 - -81) + 0 + 34?
-95
Evaluate 345 - 366 - (3 + (-5 - -1)).
-20
0 - (-38 + 85 + -44)
-3
What is the value of 120 + 9 + -496 + 426?
59
(146 - 133) + -28 + -23
-38
What is the value of -51 - (-5 - -4 - -2 - 11)?
-41
What is -24 - (375 + -363 - (-10 + 15 + 2 + -5))?
-34
What is -9 - (13 + -80 + -18 - -18)?
58
Calculate 49 + -15 - (-2 - 1 - -10 - 11).
38
Calculate (18 - (12 - 3)) + (-3 - -19).
25
What is the value of 45 + (20 - 16) + -17 + 42?
74
Evaluate 36 - (8 + -5 - -45).
-12
What is -39 + 11 